 prime?
False
Is 73731841 composite?
True
Is 69133885435 prime?
False
Is 942454103 a composite number?
False
Is 21683747599 a composite number?
True
Is 3777560999 composite?
True
Is 426378317 a prime number?
False
Is 1630823401 prime?
False
Is 137150397521 a prime number?
True
Is 122650123 a composite number?
True
Is 612860587 a prime number?
True
Is 7437529837 a prime number?
True
Is 6061697533 a prime number?
False
Is 1933771001 a prime number?
True
Is 3810159529 prime?
False
Is 10009718969 prime?
False
Is 5012381069 composite?
False
Is 80992048097 prime?
True
Is 31121612279 composite?
False
Is 554949251 prime?
True
Is 355160011 prime?
False
Is 1359569351 composite?
True
Is 4145521 a prime number?
False
Is 11674924979 prime?
True
Is 36266117521 a composite number?
True
Is 2724177413 a composite number?
True
Is 6802157 a prime number?
True
Is 201346324679 prime?
False
Is 15918346553 composite?
True
Is 49462120841 composite?
True
Is 1641366751 a prime number?
True
Is 166615367 prime?
False
Is 2905734269 prime?
True
Is 43854767947 a prime number?
True
Is 732490531 a prime number?
False
Is 37325392919 a composite number?
True
Is 3669055491 prime?
False
Is 96770111 prime?
True
Is 21159820699 a composite number?
True
Is 8187733 a composite number?
True
Is 2632455421 a composite number?
False
Is 1724750087 a prime number?
False
Is 1860360751 a prime number?
True
Is 29045155 composite?
True
Is 7370257607 a composite number?
False
Is 1219014491 a prime number?
True
Is 3945622913 a composite number?
False
Is 2352229617 prime?
False
Is 46503121421 a composite number?
True
Is 2457313349 prime?
True
Is 4727094971 a composite number?
False
Is 1920785927 composite?
False
Is 4962500813 a composite number?
True
Is 794769697 composite?
False
Is 12338682539 composite?
False
Is 3396094573 a prime number?
False
Is 5434176445 a composite number?
True
Is 2193891197 a prime number?
True
Is 5587655191 a prime number?
False
Is 6098791489 prime?
False
Is 10710140863 prime?
True
Is 139820033 composite?
True
Is 222180611 a prime number?
False
Is 8295881569 a composite number?
True
Is 366835961 a prime number?
True
Is 35170907327 a composite number?
False
Is 43692554623 composite?
False
Is 1351634329 a composite number?
True
Is 4533886459 composite?
False
Is 158124193 composite?
False
Is 49808773006 a composite number?
True
Is 1557237399 a prime number?
False
Is 351639773 prime?
False
Is 22910740453 composite?
False
Is 3374975561 prime?
True
Is 232792723 prime?
True
Is 1075649321 composite?
False
Is 7311759923 prime?
False
Is 225824147 prime?
True
Is 11921259083 a prime number?
True
Is 52944376997 composite?
False
Is 3769691995 a composite number?
True
Is 5874537337 prime?
False
Is 2078776963 composite?
False
Is 832712651 composite?
False
Is 351400222669 composite?
False
Is 38043463109 prime?
True
Is 30714090943 prime?
False
Is 31643970443 composite?
False
Is 7058046587 composite?
True
Is 3292117849 composite?
False
Is 965020391 prime?
True
Is 1290708007 composite?
False
Is 15146085313 a composite number?
False
Is 24252771513 a prime number?
False
Is 273598783 prime?
False
Is 424611359 prime?
False
Is 719650499 composite?
False
Is 4909601 a prime number?
True
Is 4878624763 prime?
True
Is 2833785047 composite?
True
Is 3144503377 a composite number?
True
Is 4418207243 prime?
True
Is 23051068295 a composite number?
True
Is 31401470873 a composite number?
False
Is 11751151042 composite?
True
Is 872729587 composite?
True
Is 16819447 a prime number?
True
Is 1159784629 composite?
False
Is 122677585727 a composite number?
True
Is 2065189999 a prime number?
True
Is 81052094993 a prime number?
False
Is 2866587259 composite?
True
Is 4560617497 a prime number?
True
Is 1538184569 composite?
True
Is 24151717959 prime?
False
Is 591370053 a prime number?
False
Is 1182573061 a prime number?
True
Is 6635259467 prime?
True
Is 1046696723 composite?
True
Is 1990014382 a composite number?
True
Is 55665929297 composite?
True
Is 11470704535 a composite number?
True
Is 1503231839 composite?
False
Is 44182188671 prime?
True
Is 85327474321 prime?
True
Is 2837500819 a composite number?
False
Is 49694464745 prime?
False
Is 9585223969 a composite number?
False
Is 1158062969 composite?
True
Is 115554269 composite?
False
Is 613552711 prime?
False
Is 1366957757 composite?
True
Is 1954881377 a composite number?
False
Is 9166289009 a composite number?
False
Is 220362773 a composite number?
True
Is 1250864357 a prime number?
True
Is 123473681291 prime?
False
Is 5022596417 composite?
True
Is 146230673 prime?
False
Is 116753166437 prime?
True
Is 2297891933 a prime number?
True
Is 4339866653 a prime number?
False
Is 871222169 composite?
False
Is 1497315227 a composite number?
True
Is 345106249 composite?
True
Is 90864811 prime?
True
Is 7415467753 a composite number?
True
Is 1593495957 composite?
True
Is 23311711957 a prime number?
True
Is 47982013007 composite?
False
Is 7120897579 prime?
True
Is 6140377051 a prime number?
True
Is 436006271 a prime number?
False
Is 15441545155 composite?
True
Is 19187221771 prime?
False
Is 18297352571 a composite number?
True
Is 1973447803 composite?
False
Is 818375066 a prime number?
False
Is 1305695711 composite?
False
Is 38127139 a composite number?
False
Is 378216061 composite?
True
Is 3521082247 a prime number?
True
Is 8913211261 composite?
True
Is 1679473141 prime?
False
Is 1677892829 composite?
False
Is 56800929211 a composite number?
True
Is 16066163 prime?
True
Is 62339359549 prime?
True
Is 317589749 a prime number?
True
Is 1906641311 prime?
False
Is 631276801 a prime number?
True
Is 9890656189 a prime number?
False
Is 486318457 prime?
True
Is 43085861041 a prime number?
True
Is 2679452473 a composite number?
False
Is 4914785023 a composite number?
False
Is 11519209627 prime?
False
Is 486746077 a composite number?
True
Is 14027396027 a prime number?
False
Is 2447405426 a prime number?
False
Is 7079751883 prime?
False
Is 575315053 a prime number?
False
Is 333619127 a prime number?
False
Is 168209143 a prime number?
False
Is 5043454589 prime?
True
Is 657313213 prime?
True
Is 43938391249 a composite number?
True
Is 53158919767 a prime number?
False
Is 6082051139 a prime number?
True
Is 672256621 prime?
True
Is 47856900614 a composite number?
True
Is 75902233859 prime?
False
Is 1885199021 a composite number?
False
Is 17084438993 a composite number?
True
Is 645166369 a prime number?
False
Is 833688227 composite?
True
Is 1813221541 a composite number?
False
Is 2955593807 a prime number?
False
Is 272036773 a prime number?
True
Is 622131929 composite?
True
Is 11733476621 prime?
True
Is 5629431799 composite?
True
Is 496778039 prime?
False
Is 2599199831 composite?
False
Is 1174167317 a composite number?
False
Is 1086587353 a composite number?
False
Is 3641604347 a prime number?
True
Is 456817987 prime?
True
Is 3407312171 composite?
False
Is 5944853407 composite?
False
Is 2559946007 a prime number?
True
Is 22343107271 prime?
False
Is 208267669 prime?
False
Is 55785255283 prime?
True
Is 25155763957 a composite number?
True
Is 2858661893 a prime number?
True
Is 35474498 a composite number?
True
Is 4382128757 a composite number?
True
Is 17467247303 a prime number?
False
Is 797325649 a prime number?
True
Is 165167738027 a composite number?
False
Is 24646157567 a composite number?
False
Is 47833920469 composite?
False
Is 936190447 composite?
False
Is 12745731199 a prime number?
False
Is 196697419 prime?
True
Is 262940536121 a composite number?
False
Is 7566479033 composite?
False
Is 12721828829 composite?
True
Is 77697530993 composite?
False
Is 29135545237 a composite number?
False
Is 372594587 a composite number?
True
Is 4328451727 a composite number?
False
Is 17659030973 prime?
True
Is 1628231221 composite?
True
Is 3537370687 composite?
False
Is 2086689061 composite?
False
Is 1158202117 prime?
True
Is 9032847449 composite?
False
Is 10218931241 prime?
True
Is 4061744849 a prime number?
True
Is 622595513 prime?
False
Is 9214060763 prime?
True
Is 15808333699 prime?
True
Is 149739427685 a composite number?
True
Is 189621724109 a composite number?
False
Is 1063444189 prime?
True
Is 543565039 composite?
True
Is 643037077 prime?
False
Is 62554930751 a prime number?
False
Is 110361471